 the highest common factor of 27895830 and 15?
15
Calculate the highest common factor of 32801057 and 879.
293
What is the highest common factor of 331 and 2273308?
331
Calculate the greatest common factor of 307182933 and 9.
9
What is the greatest common divisor of 12 and 105285639?
3
What is the greatest common factor of 113574948 and 1526?
218
Calculate the greatest common divisor of 51240166 and 1912.
478
What is the highest common divisor of 22 and 1541038862?
22
What is the highest common factor of 2595312 and 14526?
4842
Calculate the highest common factor of 215 and 60340.
5
What is the highest common factor of 939715 and 2105?
5
What is the highest common divisor of 1206 and 337104?
18
What is the greatest common factor of 2686 and 986306?
34
What is the highest common factor of 1009785 and 574896?
1239
What is the highest common divisor of 69 and 126266941?
23
What is the highest common divisor of 2833270 and 385?
55
What is the highest common divisor of 1508 and 411836?
4
What is the greatest common divisor of 19841228 and 649?
649
Calculate the greatest common factor of 2933806 and 108430.
3098
What is the greatest common factor of 441 and 1157723?
49
Calculate the highest common divisor of 346 and 10138319.
173
Calculate the highest common divisor of 157 and 1874423.
157
What is the greatest common factor of 24363248 and 7?
7
What is the highest common divisor of 4 and 26362?
2
What is the greatest common divisor of 2313547 and 15433?
1403
Calculate the greatest common divisor of 398051962 and 77.
77
Calculate the highest common factor of 3894 and 125466.
66
Calculate the highest common factor of 363457508 and 8.
4
What is the greatest common factor of 438663800 and 40?
40
Calculate the greatest common divisor of 364 and 40619124.
364
What is the greatest common factor of 996 and 1170767124?
996
What is the highest common divisor of 342 and 36?
18
What is the greatest common divisor of 1830 and 1086609165?
915
What is the greatest common factor of 2226354 and 516402?
438
What is the greatest common factor of 27627487 and 24237?
2693
Calculate the highest common factor of 14108519 and 40783.
2399
Calculate the greatest common factor of 453689 and 86447.
631
Calculate the greatest common factor of 113212 and 1992.
332
Calculate the greatest common divisor of 658 and 144416806.
94
What is the greatest common factor of 75660 and 3683940?
780
What is the highest common factor of 216701552 and 16?
16
Calculate the greatest common factor of 35664656 and 512.
16
What is the highest common divisor of 41292992 and 8005?
1601
What is the greatest common factor of 956528 and 10329?
313
Calculate the highest common divisor of 250 and 162396625.
125
What is the highest common divisor of 17325 and 213696?
63
What is the greatest common factor of 46982430 and 55?
55
Calculate the highest common divisor of 218281 and 49.
7
What is the highest common divisor of 100006899 and 1767?
1767
What is the greatest common factor of 5344377 and 171?
57
What is the greatest common divisor of 174 and 764306310?
174
Calculate the greatest common factor of 6157 and 8839880.
131
What is the greatest common divisor of 166178566 and 654?
218
Calculate the highest common factor of 10982529 and 2919.
417
What is the greatest common divisor of 2035474 and 623?
7
Calculate the greatest common divisor of 4626 and 186262806.
1542
Calculate the greatest common divisor of 18641889 and 427.
7
Calculate the highest common factor of 4229421 and 525.
21
What is the highest common divisor of 176550 and 96525?
825
What is the highest common divisor of 11 and 29779013?
11
What is the greatest common factor of 9296 and 309673?
581
What is the highest common factor of 3304 and 316771?
413
What is the highest common factor of 14410291 and 13073?
769
What is the greatest common divisor of 1616 and 217049?
101
Calculate the highest common divisor of 97058 and 344578.
26
Calculate the greatest common factor of 2435375 and 3625.
125
What is the highest common divisor of 380849 and 15211?
287
Calculate the highest common factor of 665 and 3371620.
35
What is the greatest common factor of 74526027 and 8555?
1711
What is the greatest common factor of 4911 and 789?
3
Calculate the highest common factor of 12274 and 63906386.
722
What is the highest common divisor of 1407668 and 1564?
68
Calculate the greatest common divisor of 2619 and 5292.
27
Calculate the highest common factor of 1233371554 and 634.
634
Calculate the highest common factor of 442 and 38034474.
34
Calculate the greatest common divisor of 583631885 and 310.
155
What is the greatest common divisor of 121758074 and 854?
122
Calculate the greatest common factor of 33 and 55970949.
3
Calculate the highest common divisor of 10037 and 5512009253.
10037
Calculate the highest common factor of 82670098 and 28.
14
What is the highest common divisor of 3103905 and 2575?
515
What is the greatest common divisor of 2865 and 48165?
15
Calculate the greatest common factor of 706 and 1229912010.
706
What is the greatest common factor of 21156568 and 272?
136
What is the highest common divisor of 190760922 and 909?
909
What is the greatest common factor of 954919 and 175?
7
What is the highest common divisor of 233942 and 765829?
2207
What is the greatest common factor of 223181092 and 5141?
5141
What is the greatest common divisor of 1807087481 and 191?
191
Calculate the greatest common factor of 16 and 84398080.
16
What is the greatest common factor of 380457 and 257174841?
14091
What is the greatest common divisor of 2151 and 2349131?
239
Calculate the greatest common divisor of 405 and 32927985.
135
What is the greatest common factor of 30566 and 821686?
1798
Calculate the greatest common factor of 48 and 7072692.
12
Calculate the highest common divisor of 1272262 and 13472.
842
Calculate the greatest common factor of 2100 and 38274.
6
What is the highest common divisor of 9672 and 216595574?
806
What is the highest common divisor of 531 and 11322?
9
What is the highest common factor of 684565546 and 122?
122
Calculate the highest common factor of 746760 and 930.
30
Calculate the greatest common factor of 19831167 and 246.
123
Calculate the highest common factor of 312 and 687180.
156
What is the highest common divisor of 196373544 and 36384?
9096
Calculate the highest common factor of 280 and 43819615.
35
What is the highest common divisor of 4957146 and 42066?
2214
Calculate the highest common factor of 1508 and 3711396.
52
What is the greatest common factor of 57 and 20039661?
57
What is the highest common divisor of 470084 and 69564?
2108
What is the highest common divisor of 1560090 and 3381?
483
What is the highest common factor of 1378 and 13820174?
106
What is the greatest common divisor of 706 and 65891333?
353
Calculate the greatest common divisor of 68 and 12922414.
34
Calculate the highest common factor of 1305900 and 15261618.
8706
Calculate the highest common factor of 64 and 951779456.
64
Calculate the greatest common factor of 11821943 and 35.
7
What is the greatest common factor of 8140 and 854260?
220
What is the greatest common factor of 3784411 and 1?
1
Calculate the highest common divisor of 92971 and 10755.
239
Calculate the highest common divisor of 1124 and 3317767.
281
Calculate the greatest common factor of 89590 and 9300.
310
Calculate the greatest common divisor of 7845 and 5776535.
2615
What is the greatest common divisor of 897 and 331269?
69
What is the greatest common factor of 2529935 and 39025?
1115
What is the highest common factor of 1290464 and 660128?
1568
What is the highest common factor of 160186 and 44469?
61
Calculate the greatest common factor of 630 and 54388278.
126
Calculate the highest common divisor of 33 and 320519617.
11
What is the highest common factor of 80 and 833544?
8
What is the highest common factor of 48238855 and 252?
7
Calculate the greatest common factor of 2548 and 1105811616.
2548
What is the highest common divisor of 221354980 and 1611?
179
Calculate the highest common divisor of 26304899 and 51.
17
What is the greatest common factor of 2223900 and 1025?
25
What is the greatest common divisor of 153209328 and 48?
48
What is the highest common factor of 8112149 and 723